{"id":2,"date":"2024-06-23T23:20:30","date_gmt":"2024-06-23T23:20:30","guid":{"rendered":"https:\/\/mervisyvaranta.fi\/?page_id=2"},"modified":"2026-01-09T20:41:04","modified_gmt":"2026-01-09T20:41:04","slug":"sample-page","status":"publish","type":"page","link":"https:\/\/mervisyvaranta.fi\/","title":{"rendered":""},"content":{"rendered":"\n<p><strong><em>Olen espoolainen varhaiskasvatuksen ope ja perussuomalainen poliitikko. Olen Espoon musiikkiopiston kannatusyhdistyksen johtokunnan j\u00e4sen, ja toimin lis\u00e4ksi Uudenmaan perusnaisten sihteerin\u00e4. Haluan vaikuttaa siihen, ett\u00e4 Suomessa ja Espoossa on hyv\u00e4 asua ja el\u00e4\u00e4. Politiikan lis\u00e4ksi tykk\u00e4\u00e4n ulkoilusta, perheest\u00e4 ja supers\u00f6p\u00f6st\u00e4 lemmikkipupustamme, Pikist\u00e4.<\/em><\/strong><\/p>\n\n\n\n<p>Kun olin kansanedustajan avustajana eduskunnassa opin paljon yhteisten asioiden hoitamisesta ja suomalaisesta yhteiskunnasta. Eduskunnan lis\u00e4ksi olen ty\u00f6skennellyt varhaiskasvatuksen opettajana 3-5-vuotiailla sek\u00e4 eskarissa. Olen my\u00f6s toiminut Norlandia Tillin p\u00e4iv\u00e4kodin varajohtajana vuosina 2021-23.<\/p>\n\n\n\n<p>Kunnallispolitiikasta minulla on pitk\u00e4 kokemus. Olen toiminut Espoossa eri luottamustoimissa, kuten varhaiskasvatusjaostossa. Vuosina 2021-25 toimin varavaltuutettuna ja Kest\u00e4v\u00e4n kehityksen ohjausryhm\u00e4n j\u00e4senen\u00e4. Olen my\u00f6s toiminut Uudenmaan liiton hallituksessa 2. varapuheenjohtajana.<\/p>\n\n\n\n<p>Politiikassa minulle t\u00e4rkeit\u00e4 asioita ovat lasten ja perheiden hyvinvointi, kaikkien mahdollisuus virkisty\u00e4 l\u00e4hiluonnossa, suomalaisten hyvinvointi sek\u00e4 kaikille turvallinen kotikaupunki ja kotimaa.<\/p>\n\n\n\n<figure class=\"wp-block-gallery has-nested-images columns-default is-cropped wp-block-gallery-1 is-layout-flex wp-block-gallery-is-layout-flex\">\n<figure class=\"wp-block-image size-large\"><img loading=\"lazy\" decoding=\"async\" width=\"576\" height=\"1024\" data-id=\"43\" src=\"https:\/\/mervisyvaranta.fi\/wp-content\/uploads\/2024\/06\/20230812_124327_001-576x1024.jpg\" alt=\"\" class=\"wp-image-43\" srcset=\"https:\/\/mervisyvaranta.fi\/wp-content\/uploads\/2024\/06\/20230812_124327_001-576x1024.jpg 576w, https:\/\/mervisyvaranta.fi\/wp-content\/uploads\/2024\/06\/20230812_124327_001-169x300.jpg 169w, https:\/\/mervisyvaranta.fi\/wp-content\/uploads\/2024\/06\/20230812_124327_001-768x1365.jpg 768w, https:\/\/mervisyvaranta.fi\/wp-content\/uploads\/2024\/06\/20230812_124327_001-864x1536.jpg 864w, https:\/\/mervisyvaranta.fi\/wp-content\/uploads\/2024\/06\/20230812_124327_001-1152x2048.jpg 1152w, https:\/\/mervisyvaranta.fi\/wp-content\/uploads\/2024\/06\/20230812_124327_001-300x533.jpg 300w, https:\/\/mervisyvaranta.fi\/wp-content\/uploads\/2024\/06\/20230812_124327_001-850x1511.jpg 850w, https:\/\/mervisyvaranta.fi\/wp-content\/uploads\/2024\/06\/20230812_124327_001-scaled.jpg 1440w\" sizes=\"auto, (max-width: 576px) 100vw, 576px\" \/><\/figure>\n\n\n\n<figure class=\"wp-block-image size-full\"><img loading=\"lazy\" decoding=\"async\" width=\"1597\" height=\"2560\" data-id=\"40\" src=\"https:\/\/mervisyvaranta.fi\/wp-content\/uploads\/2024\/06\/Mervi_Syvaranta_17_rajaus-scaled.jpg\" alt=\"\" class=\"wp-image-40\" srcset=\"https:\/\/mervisyvaranta.fi\/wp-content\/uploads\/2024\/06\/Mervi_Syvaranta_17_rajaus-scaled.jpg 1597w, https:\/\/mervisyvaranta.fi\/wp-content\/uploads\/2024\/06\/Mervi_Syvaranta_17_rajaus-187x300.jpg 187w, https:\/\/mervisyvaranta.fi\/wp-content\/uploads\/2024\/06\/Mervi_Syvaranta_17_rajaus-639x1024.jpg 639w, https:\/\/mervisyvaranta.fi\/wp-content\/uploads\/2024\/06\/Mervi_Syvaranta_17_rajaus-768x1231.jpg 768w, https:\/\/mervisyvaranta.fi\/wp-content\/uploads\/2024\/06\/Mervi_Syvaranta_17_rajaus-958x1536.jpg 958w, https:\/\/mervisyvaranta.fi\/wp-content\/uploads\/2024\/06\/Mervi_Syvaranta_17_rajaus-1277x2048.jpg 1277w, https:\/\/mervisyvaranta.fi\/wp-content\/uploads\/2024\/06\/Mervi_Syvaranta_17_rajaus-300x481.jpg 300w, https:\/\/mervisyvaranta.fi\/wp-content\/uploads\/2024\/06\/Mervi_Syvaranta_17_rajaus-850x1363.jpg 850w\" sizes=\"auto, (max-width: 1597px) 100vw, 1597px\" \/><\/figure>\n<\/figure>\n","protected":false},"excerpt":{"rendered":"<p>Olen espoolainen varhaiskasvatuksen ope ja perussuomalainen poliitikko. Olen Espoon musiikkiopiston kannatusyhdistyksen johtokunnan j\u00e4sen, ja toimin lis\u00e4ksi Uudenmaan perusnaisten sihteerin\u00e4. Haluan vaikuttaa siihen, ett\u00e4 Suomessa ja Espoossa on hyv\u00e4 asua ja el\u00e4\u00e4. Politiikan lis\u00e4ksi tykk\u00e4\u00e4n ulkoilusta, perheest\u00e4 ja supers\u00f6p\u00f6st\u00e4 lemmikkipupustamme, Pikist\u00e4. Kun olin kansanedustajan avustajana eduskunnassa opin paljon yhteisten asioiden hoitamisesta ja suomalaisesta yhteiskunnasta. Eduskunnan lis\u00e4ksi&#8230;<\/p>\n","protected":false},"author":1,"featured_media":0,"parent":0,"menu_order":0,"comment_status":"closed","ping_status":"open","template":"","meta":{"footnotes":""},"class_list":["post-2","page","type-page","status-publish","hentry"],"_links":{"self":[{"href":"https:\/\/mervisyvaranta.fi\/index.php?rest_route=\/wp\/v2\/pages\/2","targetHints":{"allow":["GET"]}}],"collection":[{"href":"https:\/\/mervisyvaranta.fi\/index.php?rest_route=\/wp\/v2\/pages"}],"about":[{"href":"https:\/\/mervisyvaranta.fi\/index.php?rest_route=\/wp\/v2\/types\/page"}],"author":[{"embeddable":true,"href":"https:\/\/mervisyvaranta.fi\/index.php?rest_route=\/wp\/v2\/users\/1"}],"replies":[{"embeddable":true,"href":"https:\/\/mervisyvaranta.fi\/index.php?rest_route=%2Fwp%2Fv2%2Fcomments&post=2"}],"version-history":[{"count":8,"href":"https:\/\/mervisyvaranta.fi\/index.php?rest_route=\/wp\/v2\/pages\/2\/revisions"}],"predecessor-version":[{"id":68,"href":"https:\/\/mervisyvaranta.fi\/index.php?rest_route=\/wp\/v2\/pages\/2\/revisions\/68"}],"wp:attachment":[{"href":"https:\/\/mervisyvaranta.fi\/index.php?rest_route=%2Fwp%2Fv2%2Fmedia&parent=2"}],"curies":[{"name":"wp","href":"https:\/\/api.w.org\/{rel}","templated":true}]}}